{"id":1506,"date":"2024-09-27T17:13:21","date_gmt":"2024-09-27T17:13:21","guid":{"rendered":"https:\/\/canpasrecinzioni.it\/etapes\/"},"modified":"2024-09-27T17:13:21","modified_gmt":"2024-09-27T17:13:21","slug":"etapes","status":"publish","type":"page","link":"https:\/\/canpasrecinzioni.it\/fr\/etapes\/","title":{"rendered":"\u00c9tapes"},"content":{"rendered":"<p>[vc_row row_type=\u00a0\u00bbparallax\u00a0\u00bb parallax_content_width=\u00a0\u00bbin_grid\u00a0\u00bb text_align=\u00a0\u00bbleft\u00a0\u00bb full_screen_section_height=\u00a0\u00bbno\u00a0\u00bb css=\u00a0\u00bb.vc_custom_1689175402651{background-color: #ffffff !important;}\u00a0\u00bb][vc_column width=\u00a0\u00bb1\/2&Prime;][vc_single_image image=\u00a0\u00bb730&Prime; img_size=\u00a0\u00bblarge\u00a0\u00bb alignment=\u00a0\u00bbcenter\u00a0\u00bb qode_css_animation=\u00a0\u00bb\u00a0\u00bb][vc_empty_space][\/vc_column][vc_column width=\u00a0\u00bb1\/2&Prime;][vc_column_text]Les marches en caillebotis soud\u00e9, gr\u00e2ce \u00e0 leurs caract\u00e9ristiques portantes favorables combin\u00e9es \u00e0 une perm\u00e9abilit\u00e9 \u00e9lev\u00e9e \u00e0 la lumi\u00e8re et \u00e0 l&rsquo;air, sont utilis\u00e9es dans les escaliers ext\u00e9rieurs et les escaliers de secours.<br \/>\nDisponibles en diff\u00e9rentes tailles pour r\u00e9pondre \u00e0 tous les besoins.[\/vc_column_text][vc_empty_space][vc_gallery type=\u00a0\u00bbimage_grid\u00a0\u00bb images=\u00a0\u00bb725,726,727&Prime; img_size=\u00a0\u00bbfull\u00a0\u00bb onclick=\u00a0\u00bbimg_link_large\u00a0\u00bb column_number=\u00a0\u00bb3&Prime; grayscale=\u00a0\u00bbno\u00a0\u00bb images_space=\u00a0\u00bbgallery_with_space\u00a0\u00bb][\/vc_column][\/vc_row][vc_row css_animation=\u00a0\u00bb\u00a0\u00bb row_type=\u00a0\u00bbrow\u00a0\u00bb use_row_as_full_screen_section=\u00a0\u00bbno\u00a0\u00bb type=\u00a0\u00bbfull_width\u00a0\u00bb angled_section=\u00a0\u00bbno\u00a0\u00bb text_align=\u00a0\u00bbcenter\u00a0\u00bb background_image_as_pattern=\u00a0\u00bbwithout_pattern\u00a0\u00bb z_index=\u00a0\u00bb\u00a0\u00bb][vc_column][vc_column_text]<\/p>\n<p>[\/vc_column_text][\/vc_column][\/vc_row]<\/p>\n","protected":false},"excerpt":{"rendered":"<p>[vc_row row_type=\u00a0\u00bbparallax\u00a0\u00bb parallax_content_width=\u00a0\u00bbin_grid\u00a0\u00bb text_align=\u00a0\u00bbleft\u00a0\u00bb full_screen_section_height=\u00a0\u00bbno\u00a0\u00bb css=\u00a0\u00bb.vc_custom_1689175402651{background-color: #ffffff !important;}\u00a0\u00bb][vc_column width=\u00a0\u00bb1\/2&Prime;][vc_single_image image=\u00a0\u00bb730&Prime; img_size=\u00a0\u00bblarge\u00a0\u00bb alignment=\u00a0\u00bbcenter\u00a0\u00bb qode_css_animation=\u00a0\u00bb\u00a0\u00bb][vc_empty_space][\/vc_column][vc_column width=\u00a0\u00bb1\/2&Prime;][vc_column_text]Les marches en caillebotis soud\u00e9, gr\u00e2ce \u00e0 leurs caract\u00e9ristiques portantes favorables combin\u00e9es \u00e0 une perm\u00e9abilit\u00e9 \u00e9lev\u00e9e \u00e0 la lumi\u00e8re et \u00e0 l&rsquo;air, sont utilis\u00e9es dans les escaliers ext\u00e9rieurs et les escaliers de&#8230;<\/p>\n","protected":false},"author":1,"featured_media":0,"parent":0,"menu_order":0,"comment_status":"closed","ping_status":"closed","template":"","meta":{"footnotes":""},"class_list":["post-1506","page","type-page","status-publish","hentry"],"_links":{"self":[{"href":"https:\/\/canpasrecinzioni.it\/fr\/wp-json\/wp\/v2\/pages\/1506"}],"collection":[{"href":"https:\/\/canpasrecinzioni.it\/fr\/wp-json\/wp\/v2\/pages"}],"about":[{"href":"https:\/\/canpasrecinzioni.it\/fr\/wp-json\/wp\/v2\/types\/page"}],"author":[{"embeddable":true,"href":"https:\/\/canpasrecinzioni.it\/fr\/wp-json\/wp\/v2\/users\/1"}],"replies":[{"embeddable":true,"href":"https:\/\/canpasrecinzioni.it\/fr\/wp-json\/wp\/v2\/comments?post=1506"}],"version-history":[{"count":1,"href":"https:\/\/canpasrecinzioni.it\/fr\/wp-json\/wp\/v2\/pages\/1506\/revisions"}],"predecessor-version":[{"id":1513,"href":"https:\/\/canpasrecinzioni.it\/fr\/wp-json\/wp\/v2\/pages\/1506\/revisions\/1513"}],"wp:attachment":[{"href":"https:\/\/canpasrecinzioni.it\/fr\/wp-json\/wp\/v2\/media?parent=1506"}],"curies":[{"name":"wp","href":"https:\/\/api.w.org\/{rel}","templated":true}]}}

Étapes

<p>[vc_row row_type= »parallax » parallax_content_width= »in_grid » text_align= »left » full_screen_section_height= »no » css= ».vc_custom_1689175402651{background-color: #ffffff !important;} »][vc_column width= »1/2&Prime;][vc_single_image image= »730&Prime; img_size= »large » alignment= »center » qode_css_animation= » »][vc_empty_space][/vc_column][vc_column width= »1/2&Prime;][vc_column_text]Les marches en caillebotis soudé, grâce à leurs caractéristiques portantes favorables combinées à une perméabilité élevée à la lumière et à l&rsquo;air, sont utilisées dans les escaliers extérieurs et les escaliers de secours.<br />
Disponibles en différentes tailles pour répondre à tous les besoins.[/vc_column_text][vc_empty_space][vc_gallery type= »image_grid » images= »725,726,727&Prime; img_size= »full » onclick= »img_link_large » column_number= »3&Prime; grayscale= »no » images_space= »gallery_with_space »][/vc_column][/vc_row][vc_row css_animation= » » row_type= »row » use_row_as_full_screen_section= »no » type= »full_width » angled_section= »no » text_align= »center » background_image_as_pattern= »without_pattern » z_index= » »][vc_column][vc_column_text]</p>
<p>[/vc_column_text][/vc_column][/vc_row]</p>

<p>[vc_row row_type= »parallax » parallax_content_width= »in_grid » text_align= »left » full_screen_section_height= »no » css= ».vc_custom_1689175402651{background-color: #ffffff !important;} »][vc_column width= »1/2&Prime;][vc_single_image image= »730&Prime; img_size= »large » alignment= »center » qode_css_animation= » »][vc_empty_space][/vc_column][vc_column width= »1/2&Prime;][vc_column_text]Les marches en caillebotis soudé, grâce à leurs caractéristiques portantes favorables combinées à une perméabilité élevée à la lumière et à l&rsquo;air, sont utilisées dans les escaliers extérieurs et les escaliers de&#8230;</p>
